k**3/6 + 5*k**2/2 + 9*k. Give v(6).
-1
Let n(v) = v**2 + 4*v - 3. Let c = -20 - -16. Let u = c - 2. What is n(u)?
9
Let v = -8 - -11. Let o(b) = b + b + v*b - 3 + 4. Let w(s) = 2*s**2 - 2*s + 1. Let t be w(1). Determine o(t).
6
Let m(k) = 6*k**3 + 2*k**2 - 1. Suppose 4 = -4*p + 24. Suppose -5*q - 2*g + p = 0, -6*g - 19 = 2*q - g. Suppose -4*s - 4*b = -0*s + 4, q*b - 1 = s. Give m(s).
-5
Let w(b) be the second derivative of b**5/20 - b**4/12 - b**3/3 + b**2/2 + 2*b. Let o = -5 - -5. Suppose 0 = 3*l + z - 3*z - 1, -3*l + 3*z = o. What is w(l)?
-1
Let j(w) be the second derivative of -w**5/20 + w**4/12 - w**3/3 - w**2/2 + 2*w. Let b be 5*1*4/10. Suppose -3*y = p - 8, -5*y - b*p = 2*p - 18. What is j(y)?
-9
Let o(d) = d - 6. Let i be o(2). Let u be 1 + 0 - (i - -1). Let l(k) = k**3 - 5*k**2 + 5*k - 3. Calculate l(u).
1
Let j(z) = -z**3 + 9*z**2 - 7*z - 9. Let p = 3 - -5. Calculate j(p).
-1
Let h(l) = l**2 + 0*l**2 - 2*l**2 + 5. Determine h(-4).
-11
Let o(m) be the first derivative of -m**4/12 - m**3/6 + 11*m**2/2 - 2*m + 2. Let n(v) be the first derivative of o(v). Give n(0).
11
Suppose -12*a + 4 = -14*a. Let d(c) = -2*c**3 - c**2. Calculate d(a).
12
Suppose -2 = -5*q + 8. Let h(k) = -q*k**3 - 2*k**3 - 4*k - 5*k**2 + 3*k**3. What is h(-4)?
0
Let t(o) be the third derivative of -o**4/24 - 5*o**3/6 + 6*o**2. Let m(i) = i**3 + 7*i**2 + 8*i + 7. Let n be m(-6). Calculate t(n).
0
Let a(v) = -v**3 + v + 1. Suppose c = -0*c. Calculate a(c).
1
Let c(k) be the first derivative of k**4/12 - 2*k**3/3 - k**2 + 2. Let p(g) be the second derivative of c(g). Calculate p(-4).
-12
Let z = 37 - 33. Let x(i) = i**2 - 6*i + 3. Give x(z).
-5
Let n be (-1)/((3/15)/1). Let x(c) = c**2 + c - 1. Let a(j) = j**3 + 4*j**2 + 6*j - 3. Let m(l) = n*x(l) + a(l). Suppose 0 = -3*w + w. Determine m(w).
2
Let b(q) = -q**3 - q**2 + 3*q + 3. Suppose -8 = -2*l - 0. Suppose 4*a - 2*a = -l. Give b(a).
1
Let o(s) = -s**3 - 9*s**2 - 8*s + 6. Suppose 0 = 2*c - r + 11, 4*c + 4*r + 70 = 18. What is o(c)?
6
Let l(q) = 7*q**2 - 2*q + 1. Let t(o) = o**2. Let i(d) = l(d) - 6*t(d). Let h be i(3). Let g(c) = c**3 - 4*c**2 + 2*c - 2. Calculate g(h).
6
Let d(x) be the second derivative of -x**3/6 - 2*x**2 - 7*x. What is d(-6)?
2
Let k(m) = -9*m + 63. Let v be k(8). Let d(b) = -2*b - 11. Give d(v).
7
Let o(n) = n**2 - 4*n + 4. Suppose -48 = 5*g - 73. Calculate o(g).
9
Let d(b) = -2*b + 14. Let f be d(-11). Let s(g) = -1 - f*g**3 - 2*g**2 - 4*g + 1 + 37*g**3. What is s(3)?
-3
Let j(v) be the first derivative of v**3/3 + 5*v**2/2 - 8*v + 60. Give j(-6).
-2
Let k(q) = -q**3 + 6*q**2 - 4*q + 5. Let g = -4 - 0. Let t = 1 - g. Calculate k(t).
10
Let u(z) = 2*z + 1. Let m be u(1). Let y(g) = 2*g**2 - m*g + g + 0*g - 3. Determine y(-2).
9
Let x(t) = -4*t - 1. Let v be x(-1). Suppose -7*u = -v*u - 4. Let z(j) = -11*j**2 + 1. Determine z(u).
-10
Let i be (1/(-3))/((-5)/75). Suppose 4*l + 12 = -4*u, 3 + 8 = -i*u - l. Let j(a) = -6*a + 2. Let r(w) = 6*w - 1. Let k(c) = 4*j(c) + 5*r(c). Determine k(u).
-9
Let x(u) = -u - 4. Let m(h) = 2*h + 9. Let l(c) = -3*m(c) - 7*x(c). What is l(3)?
4
Suppose 6 = -0*n - n. Let q(k) = k**3 + 7*k**2 + 7*k + 7. What is q(n)?
1
Let g(v) = 7*v**2 + 3*v + 8. Let m(j) = 6*j**2 + 3*j + 7. Let c(d) = 5*g(d) - 6*m(d). Determine c(-4).
-6
Let f(n) = -n + 11. Let k be f(8). Suppose -4*h - 3 = -k*h. Let z be ((-4)/3 - 0)*h. Let y(u) = u**2 - 7*u + 6. Determine y(z).
-6
Let d(v) = -v**3 - 4*v**2 - v - 5. Let a be d(-4). Let p(b) = -b - 1. What is p(a)?
0
Let g be ((-8)/2)/(3 - 4). Let q(k) be the third derivative of -7/6*k**3 + 0*k + 1/12*k**g - k**2 + 0. Give q(5).
3
Let c(q) be the first derivative of q**2/2 - 10*q + 3. Let d = 1 - -5. Give c(d).
-4
Let p(m) be the second derivative of 2*m + 0 + 4/3*m**3 + 2*m**2 + 1/12*m**4. What is p(-6)?
-8
Let u(i) = -i**3 + 3*i**2 + 2*i - 2. Suppose 5*g - 17 = f, -5*f - g + 6 + 39 = 0. Let t = f - 5. Let l be u(t). Let c(j) = -j**2 + 3. What is c(l)?
-13
Suppose 3*c = 6*c. Let y = c + 0. Let a(s) = -s**3 - 9*s**2 - 5*s + y*s**3 + 3*s**2 - 5. Give a(-5).
-5
Let h(y) = -y - y**2 + 2 - 11 - 5. Calculate h(0).
-14
Let u = -5 - -5. Suppose 5 = p - u. Let z(b) = -b**3 + 5*b**2. Calculate z(p).
0
Let o(s) = s + 8. Suppose 2*g - 4*g = -8. Let q(c) = c**3 - 8*c**2 + 7*c + 5. Let r be q(7). Let l be (r/4)/((-1)/g). Give o(l).
3
Let o(j) be the second derivative of j**5/20 - j. Let r(w) = -4*w - 56. Let c be r(-14). Give o(c).
0
Let d = -7 + 11. Let a be d/(-16) + 75/12. Let b(r) = -r + 9. Determine b(a).
3
Let t(x) be the first derivative of 2 + 1/3*x**3 + 0*x - 1/20*x**5 + 1/12*x**4 + 1/180*x**6 + 0*x**2. Let s(k) be the third derivative of t(k). Determine s(4).
10
Let n(h) be the third derivative of h**8/6720 - h**7/504 + h**6/360 + h**5/30 - h**4/8 - 3*h**2. Let c(d) be the second derivative of n(d). Calculate c(4).
-4
Let o(l) = -l - 8. Let m be (-18)/21*(7 - 0). What is o(m)?
-2
Let a(b) = 2*b + 5. Let r be a(-4). Let w(x) = -7*x - 4. Let v(j) = 15*j + 8. Let c(p) = 2*v(p) + 5*w(p). What is c(r)?
11
Let f(i) be the third derivative of i**6/120 - i**5/12 - 5*i**4/24 - 4*i**3/3 + 16*i**2. Give f(6).
-2
Let k(x) = x**2 - 6*x - 4. Suppose 3*o - 14 - 7 = 0. Determine k(o).
3
Let o(j) be the second derivative of 2/3*j**3 - 1/2*j**2 + 0 - j + 1/60*j**5 + 7/24*j**4. Let z(k) be the first derivative of o(k). What is z(-4)?
-8
Let k(h) = -6*h**3 - 4*h**2 - 3*h - 1. Let i be k(-1). Let q(b) = b**2 - 4*b - 3. What is q(i)?
-3
Suppose -m + 0 - 1 = 0. Let y(u) = -5*u**2 + u + 2. Let f(z) = -z**2 + z + 1. Let g(h) = m*y(h) + 2*f(h). Let t = 236 + -237. Give g(t).
2
Let z(o) = 2*o. Suppose 0 = -10*t + 6*t + 8. Let p be (t/(-5))/(1/(-10)). Suppose 6 = p*g - 6. Determine z(g).
6
Let n(g) = 4*g**3 - g**2 - g. Let q(j) = -j**2 - 5*j + 4. Let k be q(-5). Let d be (6/k - 2)*2. Determine n(d).
-4
Let u = -17 + 14. Let z(m) = 3*m + 1. What is z(u)?
-8
Let j be (-3)/4 - 49/(-28). Let t(p) = 21*p**3 + 2*p**2 + 6*p + 5. Let h(n) = -n**3 - n - 1. Let s(y) = -6*h(y) - t(y). What is s(j)?
-16
Let i(s) = -s**2 + 6*s + 2. Let l be i(6). Let q(k) = 2*k + 5*k**l - 1 + 4*k**2 - 2*k**2. Calculate q(1).
8
Let b(l) = -l**2 + 2*l + 6. Let m be b(0). Let s(t) = 2*t + 4. Give s(m).
16
Let r(o) = 0*o**2 - 2*o + 6*o**2 - 7*o**2 - o + 1. Let n be r(-4). Let q(v) = -v**3 - 2*v**2 + 3. Determine q(n).
12
Let r(y) = -3*y - 5. Suppose 0 = -4*d + 2*l + 40, -d + 3*l = -3*d + 4. Let q = 3 - d. Determine r(q).
10
Let q be 0/(-3*(-6)/9). Suppose 6 = b - 0*z + z, 0 = -z + 4. Let i(v) = -v + b*v + q*v. What is i(-1)?
-1
Let t(a) be the first derivative of a**5/20 + 5*a**4/12 + a**3/3 - a**2/2 - 9*a - 1. Let l(x) be the first derivative of t(x). Calculate l(-3).
11
Let u(q) = 12*q**2 - 2*q - 1. Suppose -8*s + 3*s + 3*d - 14 = 0, s + 5*d - 14 = 0. Calculate u(s).
13
Let x(s) = 5 - 4 - 3 + 9*s + 1. Let m(l) = -l - 1. Let f(t) = 2*m(t) + x(t). Determine f(2).
11
Let f(v) = -v**3 + 5 - 3*v**2 + 1 - 101*v + 0*v**3 + 105*v. Give f(-4).
6
Let k(h) = -4*h**2 + 4*h - 2 - 3*h + 3*h**2. Suppose -3*t = j - 5*t - 4, 2*j - 3*t - 7 = 0. Suppose 3*x - j*l + 0*l - 11 = 0, -3*l = x. Give k(x).
-8
Let u(o) be the third derivative of 11*o**5/60 - o**3/6 + 9*o**2. Calculate u(-1).
10
Let z(y) = -y. Let m(p) = 3*p. Let c(n) = 6*m(n) + 17*z(n). Suppose w - 2 = 4*f + 13, 0 = -3*w - 4*f - 35. Give c(w).
-5
Let t(a) = a**2 + 6*a + 7. Let y be t(-5). Let q(m) = 5*m - 3. Determine q(y).
7
Let g = 4 - 8. Let n(x) be the second derivative of x**6/720 + x**5/120 + x**4/6 + 2*x. Let y(b) be the third derivative of n(b). Determine y(g).
-3
Suppose 11*n - 9*n = 44. Let g(k) = -13 + n + 3*k - 8. Give g(-2).
-5
Let h = -57 + 28. Let c = 31 + h. Let w(r) = 1 + 3*r - 4 + 3*r. Give w(c).
9
Let c(w) = -w**2 + 4*w - 3. Let y(k) = -k**2 + 4*k - 3. Let m(u) = -5*c(u) + 4*y(u). What is m(3)?
0
Let b(y) = -13*y - 7. Let s(k) = 7*k + 3. Let m(w) = -6*b(w) - 11*s(w). Determine m(0).
9
Let p(c) = 6*c**2 - 5*c - 3 + 0 + c**3 + 2 + 8. Calculate p(-7).
-7
Let k(n) = -4*n - 7. Let f be (-23 - -44)*2/(-6). Give k(f).
21
Let b(i) = -3*i**3 - i**2 + 2*i - 29. Let d(s) = s**3 - s + 10. Let t(z) = -z**3 + 6*z**2 - 5*z + 5. Let w be t(4). Let x(u) = w*d(u) + 6*b(u). Give x(-5).
-4
Let s(l) be the first derivative of l**2 + 3*l - 22. Calculate s(-4).
-5
Let k(h) 